{"id":540,"date":"2023-12-04T11:25:49","date_gmt":"2023-12-04T11:25:49","guid":{"rendered":"https:\/\/cesunovads.edu.lv\/cesu1psk\/?page_id=540"},"modified":"2025-11-19T20:04:18","modified_gmt":"2025-11-19T18:04:18","slug":"skolenu-pasparvalde","status":"publish","type":"page","link":"https:\/\/cesunovads.edu.lv\/cesu1psk\/par-skolu\/skolenu-pasparvalde\/","title":{"rendered":"Skol\u0113nu pa\u0161p\u0101rvalde"},"content":{"rendered":"\n<figure class=\"wp-block-gallery has-nested-images columns-default is-cropped wp-block-gallery-1 is-layout-flex wp-block-gallery-is-layout-flex\">\n<figure class=\"wp-block-image size-large\"><img loading=\"lazy\" decoding=\"async\" width=\"1024\" height=\"768\" data-id=\"1948\" src=\"https:\/\/cesunovads.edu.lv\/cesu1psk\/wp-content\/uploads\/sites\/7\/2025\/11\/Pasparvalde-1024x768.jpg\" alt=\"\" class=\"wp-image-1948\" srcset=\"https:\/\/cesunovads.edu.lv\/cesu1psk\/wp-content\/uploads\/sites\/7\/2025\/11\/Pasparvalde-1024x768.jpg 1024w, https:\/\/cesunovads.edu.lv\/cesu1psk\/wp-content\/uploads\/sites\/7\/2025\/11\/Pasparvalde-300x225.jpg 300w, https:\/\/cesunovads.edu.lv\/cesu1psk\/wp-content\/uploads\/sites\/7\/2025\/11\/Pasparvalde-400x300.jpg 400w, https:\/\/cesunovads.edu.lv\/cesu1psk\/wp-content\/uploads\/sites\/7\/2025\/11\/Pasparvalde-768x576.jpg 768w, https:\/\/cesunovads.edu.lv\/cesu1psk\/wp-content\/uploads\/sites\/7\/2025\/11\/Pasparvalde-1536x1152.jpg 1536w, https:\/\/cesunovads.edu.lv\/cesu1psk\/wp-content\/uploads\/sites\/7\/2025\/11\/Pasparvalde.jpg 1600w\" sizes=\"auto, (max-width: 1024px) 100vw, 1024px\" \/><figcaption class=\"wp-element-caption\">Skol\u0113nu pa\u0161p\u0101rvalde 2025\/2026.m.g.<\/figcaption><\/figure>\n<\/figure>\n\n\n\n<h2 class=\"wp-block-heading\">KAS IR SKOL\u0112NU PA\u0160P\u0100RVALDE?<\/h2>\n\n\n\n<p>Skol\u0113ni, kuri v\u0113las main\u012bt ierasto skolas dz\u012bvi, atdz\u012bvin\u0101t skolas ikdienas rut\u012bnu ar kr\u0101s\u0101m \u2013 jauniem, interesantiem pas\u0101kumiem un idej\u0101m. Skol\u0113nu pa\u0161p\u0101rvaldes uzdevumos ir ar\u012b rast risin\u0101jumu skolas dz\u012bves jaut\u0101jumiem, kas satrauc skol\u0113nus.<\/p>\n\n\n\n<h2 class=\"wp-block-heading\">K\u0100 DARBOJAS SKOL\u0112NU PA\u0160P\u0100RVALDE?<\/h2>\n\n\n\n<p>Pa\u0161p\u0101rvald\u0113 darbojas rado\u0161i skol\u0113ni, kuri v\u0113las \u012bstenot savas idejas, t\u0101p\u0113c, lai t\u0101s k\u013c\u016btu re\u0101las, m\u0113s sadarbojamies gan ar skolot\u0101jiem, gan ar skolas administr\u0101ciju. Vienu reizi m\u0113nes\u012b tiekamies &#8211; visi pa\u0161p\u0101rvaldes dal\u012bbnieki pa\u0161p\u0101rvaldes kabinet\u0101, lai izrun\u0101tu jaunas idejas, probl\u0113mas vai s\u0101kam gatavoties tuv\u0101kajam pas\u0101kumam. Ja paredz\u0113ts pas\u0101kums, tad bie\u017e\u0101k tiekas t\u0101 organizatori.<\/p>\n\n\n\n<h2 class=\"wp-block-heading\">K\u0100 K\u013b\u016aT PAR SKOL\u0112NU PA\u0160P\u0100RVALDES DAL\u012aBNIEKU?<\/h2>\n\n\n\n<p>Pa\u0161p\u0101rvald\u0113 ir gaid\u012bts ikviens skol\u0113ns, kas ir akt\u012bvs, rado\u0161s un uz\u0146\u0113m\u012bgs no 5.l\u012bdz 9.klasei Par pa\u0161p\u0101rvaldes akt\u012bvistu Tu vari k\u013c\u016bt n\u0101kot uz san\u0101ksmi un iesaistoties m\u016bsu darb\u012bb\u0101.<\/p>\n\n\n\n<h2 class=\"wp-block-heading\">SKOL\u0112NU PA\u0160P\u0100RVALDES KONSULTANTE<\/h2>\n\n\n\n<p><strong>Inga Krafte- Dambe<\/strong>, skolas direktores vietniece izgl\u012bt\u012bbas jom\u0101<\/p>\n\n\n\n<h2 class=\"wp-block-heading\"><strong>PA\u0160P\u0100VALDES SAN\u0100KSMES<\/strong><\/h2>\n\n\n\n<figure class=\"wp-block-pullquote\"><blockquote><p><strong>otrdien\u0101s plkst.14.30<\/strong><\/p><\/blockquote><\/figure>\n\n\n\n<div id=\"wp-block-themeisle-blocks-accordion-5f197849\" class=\"wp-block-themeisle-blocks-accordion exclusive is-style-default has-light-active-title-bg has-light-content-bg\">\n<details class=\"wp-block-themeisle-blocks-accordion-item\"><summary class=\"wp-block-themeisle-blocks-accordion-item__title\"><div><strong>Skol\u0113nu pa\u0161p\u0101rvaldes reglaments<\/strong><\/div><\/summary><div class=\"wp-block-themeisle-blocks-accordion-item__content\">\n<div data-wp-interactive=\"core\/file\" class=\"wp-block-file\"><object data-wp-bind--hidden=\"!state.hasPdfPreview\" hidden class=\"wp-block-file__embed\" data=\"https:\/\/cesunovads.edu.lv\/cesu1psk\/wp-content\/uploads\/sites\/7\/2024\/08\/Pasparvaldes-reglaments-_2023.pdf\" type=\"application\/pdf\" style=\"width:100%;height:760px\" aria-label=\"Iegult Pa\u0161p\u0101rvaldes reglaments _2023.\"><\/object><a id=\"wp-block-file--media-6cadb27a-f90d-4ebc-ac43-bd5c5f177001\" href=\"https:\/\/cesunovads.edu.lv\/cesu1psk\/wp-content\/uploads\/sites\/7\/2024\/08\/Pasparvaldes-reglaments-_2023.pdf\">Pa\u0161p\u0101rvaldes reglaments _2023<\/a><a href=\"https:\/\/cesunovads.edu.lv\/cesu1psk\/wp-content\/uploads\/sites\/7\/2024\/08\/Pasparvaldes-reglaments-_2023.pdf\" class=\"wp-block-file__button wp-element-button\" download aria-describedby=\"wp-block-file--media-6cadb27a-f90d-4ebc-ac43-bd5c5f177001\">Lejupiel\u0101d\u0113t<\/a><\/div>\n<\/div><\/details>\n\n\n\n<details class=\"wp-block-themeisle-blocks-accordion-item\"><summary class=\"wp-block-themeisle-blocks-accordion-item__title\"><div><strong>Skol\u0113nu pa\u0161p\u0101rvaldes amati 2025.\/2026.m.g.<\/strong><\/div><\/summary><div class=\"wp-block-themeisle-blocks-accordion-item__content\">\n<p><strong>Pa\u0161p\u0101rvaldes prezidents &#8211; <\/strong>Elza Gaile<\/p>\n\n\n\n<p><strong>Pa\u0161p\u0101rvaldes viceprezidents &#8211; <\/strong>Paula Me\u013c\u0137e<\/p>\n\n\n\n<p><strong>Prezidenta vietniece<\/strong> &#8211; Marta Gr\u012bnberga<\/p>\n\n\n\n<p><strong>Soci\u0101lie mediji &#8211; <\/strong>Paula Me\u013c\u0137e, Marta Gr\u012bnberga<\/p>\n\n\n\n<p><strong>Sporta joma &#8211; <\/strong>Tomass Pu\u017eulis, Marks L\u012bnis, Jur\u0123is Lapacinskis, Harijs Aploks, Ed\u017eus Virvi\u010ds, Linards \u0100boli\u0146\u0161, R\u016bdolfs Skrasti\u0146\u0161<\/p>\n\n\n\n<p><strong>M\u0101kslinieki\/noform\u0113t\u0101ji &#8211; <\/strong>Evel\u012bna L\u0101ce &#8211; rakstvede, Katr\u012bna Paula \u013bitvinova, Estere Kallione<\/p>\n\n\n\n<p><strong>Kult\u016bras joma<\/strong> &#8211; Annija Lapsa, Elza Smilti\u0146a, Am\u0113lija Bonati, Priscila Svi\u0161\u010do, Em\u012blija Paula Dzirkale, Toms Edvards Feldmanis, Anna Ozoli\u0146a &#8211; V\u012bksne<\/p>\n\n\n\n<p>Radio balss &#8211; Anna Ozoli\u0146a &#8211; V\u012bksne<\/p>\n<\/div><\/details>\n\n\n\n<details class=\"wp-block-themeisle-blocks-accordion-item\"><summary class=\"wp-block-themeisle-blocks-accordion-item__title\"><div><strong>Skol\u0113nu pa\u0161p\u0101rvaldes organiz\u0113tie pas\u0101kumi<\/strong> <strong>2025.\/2026.m.g.<\/strong><\/div><\/summary><div class=\"wp-block-themeisle-blocks-accordion-item__content\">\n<figure class=\"wp-block-table\"><table class=\"has-fixed-layout\"><tbody><tr><td><strong>&nbsp; &nbsp; &nbsp; &nbsp; &nbsp; &nbsp; &nbsp; &nbsp; Datums<\/strong><\/td><td><strong>Pas\u0101kums<\/strong><\/td><\/tr><tr><td>29.09.2025.<\/td><td>Mi\u0137e\u013cdiena 1.-4.klas\u0113m<\/td><\/tr><tr><td>30.10.2025.<\/td><td>Helov\u012bnu kinoballe 5.-9.klas\u0113m<\/td><\/tr><\/tbody><\/table><\/figure>\n<\/div><\/details>\n\n\n\n<details class=\"wp-block-themeisle-blocks-accordion-item\"><summary class=\"wp-block-themeisle-blocks-accordion-item__title\"><div><strong>Skol\u0113nu pa\u0161p\u0101rvaldes prezidenti<\/strong><\/div><\/summary><div class=\"wp-block-themeisle-blocks-accordion-item__content\">\n<div class=\"wp-block-columns is-layout-flex wp-container-core-columns-is-layout-9d6595d7 wp-block-columns-is-layout-flex\">\n<div class=\"wp-block-column is-layout-flow wp-block-column-is-layout-flow\">\n<p>2025.\/2026.m.g. <strong>Elza Gaile<\/strong><\/p>\n\n\n\n<p>2024.\/2025.m.g.<strong> Evel\u012bna L\u0101ce<\/strong><\/p>\n\n\n\n<p>2023.\/2024.m.g. <strong>Kate Kal\u0113ja<\/strong><\/p>\n\n\n\n<p>2022.\/2023.m.g. <strong>Estere \u0160l\u0113zi\u0146a<\/strong><\/p>\n\n\n\n<p>2021.\/2022.m\u0101c.g. <strong>Lelde Finarte<\/strong><\/p>\n\n\n\n<p>2020.\/2021.m\u0101c.g. <strong>Lelde Finarte<\/strong><\/p>\n\n\n\n<p>2019.\/2020.m\u0101c.g. <strong>R\u0113zija Freija<\/strong><\/p>\n\n\n\n<p>2018.\/2019.m\u0101c.g. <strong>R\u0113zija Freija<\/strong><\/p>\n\n\n\n<p>2017.\/2018.m\u0101c.g. <strong>R\u0113zija Freija<\/strong><\/p>\n<\/div>\n\n\n\n<div class=\"wp-block-column is-layout-flow wp-block-column-is-layout-flow\">\n<p>2016.\/2017.m\u0101c.g. <strong>L\u012bva Kr\u0113gere<\/strong><\/p>\n\n\n\n<p>2015.\/2016.m\u0101c.g.&nbsp;<strong>Toms Veiss<\/strong><\/p>\n\n\n\n<p>2014.\/2015.m\u0101c.g. <strong>Toms Veiss<\/strong><\/p>\n\n\n\n<p>2013.\/2014.m\u0101c.g.<strong> Toms Veiss<\/strong><\/p>\n\n\n\n<p>2012.\/2013.m\u0101c.g. <strong>Anna Paula Up\u012bte<\/strong><\/p>\n\n\n\n<p>2011.\/2012.m\u0101c.g. <strong>Anna Paula Up\u012bte<\/strong><\/p>\n\n\n\n<p>2010.\/2011.m\u0101c.g. <strong>Inta Bu\u0161a<\/strong><\/p>\n\n\n\n<p>2009.\/2010.m\u0101c.g. <strong>Inta Bu\u0161a<\/strong><\/p>\n\n\n\n<p>2008.\/2009.m\u0101c.g. <strong>Krist\u012bne Up\u012bte<\/strong><\/p>\n\n\n\n<p>2007.\/2008.m\u0101c.g. <strong>Krist\u012bne Up\u012bte<\/strong><\/p>\n<\/div>\n\n\n\n<div class=\"wp-block-column is-layout-flow wp-block-column-is-layout-flow\">\n<p>2006.\/2007.m\u0101c.g. <strong>Kristaps Krafte<\/strong><\/p>\n\n\n\n<p>2005.\/2006.m\u0101c.g <strong>Kristaps Krafte<\/strong><\/p>\n\n\n\n<p>2004.\/2005.m\u0101c.g.<strong>Dana Kozlova<\/strong><\/p>\n\n\n\n<p>2003.\/2004.m\u0101c.g.<strong>Eva Rozent\u0101le<\/strong><\/p>\n\n\n\n<p>2002.\/2003.m\u0101c.g. <strong>Monta Pota\u0161a<\/strong><\/p>\n\n\n\n<p>2001.\/2002.m\u0101c.g<strong>. Edgars Kuzmans<\/strong><\/p>\n\n\n\n<p>2000.\/2001.m\u0101c.g. <strong>Ansis Rezgalis<\/strong><\/p>\n\n\n\n<p>1999.\/2000.m\u0101c.g. <strong>Baiba Paulsone<\/strong><\/p>\n\n\n\n<p>1998.\/1999.m\u0101c.g.&nbsp; <strong>Evija Priedeslaipa<\/strong><\/p>\n<\/div>\n<\/div>\n<\/div><\/details>\n<\/div>\n","protected":false},"excerpt":{"rendered":"<p>KAS IR SKOL\u0112NU PA\u0160P\u0100RVALDE? Skol\u0113ni, kuri v\u0113las main\u012bt ierasto skolas dz\u012bvi, atdz\u012bvin\u0101t skolas ikdienas rut\u012bnu ar kr\u0101s\u0101m \u2013 jauniem, interesantiem pas\u0101kumiem un idej\u0101m. Skol\u0113nu pa\u0161p\u0101rvaldes uzdevumos ir ar\u012b rast risin\u0101jumu skolas dz\u012bves jaut\u0101jumiem, kas satrauc skol\u0113nus. K\u0100 DARBOJAS SKOL\u0112NU PA\u0160P\u0100RVALDE? Pa\u0161p\u0101rvald\u0113 darbojas rado\u0161i skol\u0113ni, kuri v\u0113las \u012bstenot savas idejas, t\u0101p\u0113c, lai t\u0101s k\u013c\u016btu re\u0101las, m\u0113s&hellip;&nbsp;<a href=\"https:\/\/cesunovads.edu.lv\/cesu1psk\/par-skolu\/skolenu-pasparvalde\/\" rel=\"bookmark\">Read More &raquo;<span class=\"screen-reader-text\">Skol\u0113nu pa\u0161p\u0101rvalde<\/span><\/a><\/p>\n","protected":false},"author":2,"featured_media":0,"parent":190,"menu_order":0,"comment_status":"closed","ping_status":"closed","template":"","meta":{"neve_meta_sidebar":"","neve_meta_container":"","neve_meta_enable_content_width":"","neve_meta_content_width":0,"neve_meta_title_alignment":"","neve_meta_author_avatar":"","neve_post_elements_order":"","neve_meta_disable_header":"","neve_meta_disable_footer":"","neve_meta_disable_title":"","_themeisle_gutenberg_block_has_review":false,"footnotes":""},"class_list":["post-540","page","type-page","status-publish","hentry"],"_links":{"self":[{"href":"https:\/\/cesunovads.edu.lv\/cesu1psk\/wp-json\/wp\/v2\/pages\/540","targetHints":{"allow":["GET"]}}],"collection":[{"href":"https:\/\/cesunovads.edu.lv\/cesu1psk\/wp-json\/wp\/v2\/pages"}],"about":[{"href":"https:\/\/cesunovads.edu.lv\/cesu1psk\/wp-json\/wp\/v2\/types\/page"}],"author":[{"embeddable":true,"href":"https:\/\/cesunovads.edu.lv\/cesu1psk\/wp-json\/wp\/v2\/users\/2"}],"replies":[{"embeddable":true,"href":"https:\/\/cesunovads.edu.lv\/cesu1psk\/wp-json\/wp\/v2\/comments?post=540"}],"version-history":[{"count":10,"href":"https:\/\/cesunovads.edu.lv\/cesu1psk\/wp-json\/wp\/v2\/pages\/540\/revisions"}],"predecessor-version":[{"id":1950,"href":"https:\/\/cesunovads.edu.lv\/cesu1psk\/wp-json\/wp\/v2\/pages\/540\/revisions\/1950"}],"up":[{"embeddable":true,"href":"https:\/\/cesunovads.edu.lv\/cesu1psk\/wp-json\/wp\/v2\/pages\/190"}],"wp:attachment":[{"href":"https:\/\/cesunovads.edu.lv\/cesu1psk\/wp-json\/wp\/v2\/media?parent=540"}],"curies":[{"name":"wp","href":"https:\/\/api.w.org\/{rel}","templated":true}]}}